{"id":3448,"date":"2021-08-29T20:14:15","date_gmt":"2021-08-29T20:14:15","guid":{"rendered":"https:\/\/www.kwpessoaseotrabalho.com\/?page_id=3448"},"modified":"2021-08-29T20:14:15","modified_gmt":"2021-08-29T20:14:15","slug":"trabalho-e-nos","status":"publish","type":"page","link":"https:\/\/www.kwpessoaseotrabalho.com\/index.php\/trabalho-e-nos\/","title":{"rendered":"Trabalho e N\u00f3s"},"content":{"rendered":"\n<p>Apesar do tanto que j\u00e1 se falou a respeito do trabalho na evolu\u00e7\u00e3o humana, ainda tenho a sensa\u00e7\u00e3o de que n\u00e3o temos, como criaturas naturais que somos, uma rela\u00e7\u00e3o verdadeira com esta a\u00e7\u00e3o, s\u00edmbolo ou dever que n\u00e3o diz respeito necessariamente \u00e0 produtividade, mas sim a uma obriga\u00e7\u00e3o imposta.<\/p>\n\n\n\n<p>O meio de sobreviv\u00eancia que aprendemos desde cedo e que, por ser autom\u00e1tica, e n\u00e3o natural, criaram uma rela\u00e7\u00e3o fr\u00e1gil entre as pessoas e o trabalho.<\/p>\n\n\n\n<p>Uma troca pouco sensata e por isso mesmo, em constante lit\u00edgio.<\/p>\n\n\n\n<p>Esta p\u00e1gina do blog aborda a desconstru\u00e7\u00e3o de ideais e teorias que falam de uma rela\u00e7\u00e3o amig\u00e1vel quando ela nunca foi, e jamais ser\u00e1, muito menos, &#8220;flu\u00eddica&#8221;.<br>\u00c0 MENOS QUE ACEITEMOS A VERDADE&#8230;<\/p>\n","protected":false},"excerpt":{"rendered":"<p>Apesar do tanto que j\u00e1 se falou a respeito do trabalho na evolu\u00e7\u00e3o humana, ainda tenho a sensa\u00e7\u00e3o de que n\u00e3o temos, como criaturas naturais que somos, uma rela\u00e7\u00e3o verdadeira com esta a\u00e7\u00e3o, s\u00edmbolo ou dever que n\u00e3o diz respeito&#8230;<\/p>\n","protected":false},"author":1,"featured_media":33,"parent":0,"menu_order":0,"comment_status":"closed","ping_status":"closed","template":"","meta":{"jetpack_post_was_ever_published":false,"footnotes":""},"class_list":["post-3448","page","type-page","status-publish","has-post-thumbnail","hentry"],"jetpack_sharing_enabled":true,"jetpack_shortlink":"https:\/\/wp.me\/P73n8l-TC","_links":{"self":[{"href":"https:\/\/www.kwpessoaseotrabalho.com\/index.php\/wp-json\/wp\/v2\/pages\/3448","targetHints":{"allow":["GET"]}}],"collection":[{"href":"https:\/\/www.kwpessoaseotrabalho.com\/index.php\/wp-json\/wp\/v2\/pages"}],"about":[{"href":"https:\/\/www.kwpessoaseotrabalho.com\/index.php\/wp-json\/wp\/v2\/types\/page"}],"author":[{"embeddable":true,"href":"https:\/\/www.kwpessoaseotrabalho.com\/index.php\/wp-json\/wp\/v2\/users\/1"}],"replies":[{"embeddable":true,"href":"https:\/\/www.kwpessoaseotrabalho.com\/index.php\/wp-json\/wp\/v2\/comments?post=3448"}],"version-history":[{"count":2,"href":"https:\/\/www.kwpessoaseotrabalho.com\/index.php\/wp-json\/wp\/v2\/pages\/3448\/revisions"}],"predecessor-version":[{"id":3453,"href":"https:\/\/www.kwpessoaseotrabalho.com\/index.php\/wp-json\/wp\/v2\/pages\/3448\/revisions\/3453"}],"wp:featuredmedia":[{"embeddable":true,"href":"https:\/\/www.kwpessoaseotrabalho.com\/index.php\/wp-json\/wp\/v2\/media\/33"}],"wp:attachment":[{"href":"https:\/\/www.kwpessoaseotrabalho.com\/index.php\/wp-json\/wp\/v2\/media?parent=3448"}],"curies":[{"name":"wp","href":"https:\/\/api.w.org\/{rel}","templated":true}]}}